). Is 2 - -1 - -1 - q a prime number?
False
Let t = 24547 + -11166. Is t composite?
False
Let n(s) = 26*s + 21. Let a be n(4). Suppose a + 138 = p. Is p composite?
False
Let s = -6397 + 9306. Is s composite?
False
Is 3/(((-753944)/377008 - -2)/3) prime?
False
Let b be (-2 + 168)*(-4 - 1). Let u = b + 2719. Is u a prime number?
True
Let z = 2523 - -3514. Is z a composite number?
False
Suppose -5*f + 10 = 0, 24521 + 7639 = 4*t - 4*f. Is t prime?
False
Suppose -358 = -5*s + 1557. Suppose -2*c - s = -3*c. Let i = c + -228. Is i a prime number?
False
Let s(f) = -70*f**3 + 0*f + 2*f + 1 + 0. Suppose -3*n - t - 15 = 3*t, -4*t = 12. Is s(n) a prime number?
False
Let m(q) = q**3 - 5*q**2 - 2*q + 59. Is m(11) prime?
False
Suppose 9 = 4*g + 1. Let b = 3 - g. Is (b*-1)/(8/(-1016)) a composite number?
False
Let i(r) = -10*r**3 + 2*r**2 + 2*r + 1. Let w be i(-1). Let a = w + -7. Suppose -4*t + a*h + 3836 = 0, 2514 = 3*t - 2*h - 363. Is t a composite number?
True
Suppose -m - m - 933 = d, -3*d + 2*m - 2807 = 0. Let s = -294 - d. Is s a composite number?
False
Let q(u) = u**3 - 7*u**2 + u + 9. Let h be q(7). Let m = -13 + h. Suppose -m*s - 98 + 365 = 0. Is s composite?
False
Suppose 5*k + 5 = 0, p - 3*k - 1186 = 214. Is p a composite number?
True
Suppose -8 = -n + 3*n, 144 = -w + 2*n. Let u = -19 - w. Is u composite?
True
Let r be (-8 - -447)*(-122)/(4/(-2)). Suppose 3*p - 5*l - r = 0, 2*l = -0*l + 8. Is p prime?
True
Suppose -157259 = -20*d - 27919. Is d composite?
True
Suppose 3*u = -o - 84, -4*o - 3*u - 449 = -86. Let n = o + 212. Is n a composite number?
True
Suppose -2 = -5*q + f, 3*q - 4*f = -f + 6. Let c = q + -9. Let p = c - -12. Is p composite?
False
Let h(w) = 682*w - 55. Is h(8) a composite number?
True
Suppose b - 53183 = -2*w + 4*b, 53189 = 2*w - 5*b. Is w a prime number?
False
Is ((-621)/36)/(12/(-1264)) a prime number?
False
Suppose -2*i = 8, 15*i + 7687 = 3*a + 20*i. Is a a prime number?
False
Suppose -41*u - 73724 + 347727 = 0. Is u composite?
True
Let x = 3122 + 8477. Is x composite?
True
Let a be ((-30)/9 - -4)/((-1)/(-3)). Suppose 48 = a*b + 6*b. Is b a composite number?
True
Let i(o) = -3403*o + 37. Is i(-2) prime?
False
Is 13505 + 1 - (-5 + 10) prime?
False
Suppose -l + 30 = 3*a, a = 5*a + 4*l - 48. Suppose j - 3*j - h + 1373 = 0, 3*h - a = 0. Is j a prime number?
False
Let w = -423 - -6730. Suppose -4*g + w = 13*g. Is g composite?
True
Let q(n) = 2*n - 32. Let x be q(19). Let i(v) be the third derivative of -v**5/60 + 5*v**4/24 + 3*v**3/2 - v**2. Is i(x) a prime number?
True
Let m(j) = -j - 4. Let l be m(-4). Suppose -14 = -2*f - 3*o + 11, f - 2 = 2*o. Suppose f*x - 13*x + 1015 = l. Is x composite?
True
Suppose 7*u - 28 = -0. Suppose -2*h - 3*p + 109 = 0, 299 - 110 = 3*h - u*p. Is h a prime number?
True
Let y(x) be the first derivative of x**4/4 + x**3/3 - 6*x - 4. Let z be y(-6). Let d = -89 - z. Is d a composite number?
False
Let a = -66 + 116. Suppose -a = f - 6*f. Is f a composite number?
True
Let b = 4 + -6. Let z(s) = -2*s**3 + 0 + 22 + 4 - 4*s**2 - 19*s**3 - 25 - 2*s. Is z(b) prime?
True
Let t(h) = -2236*h + 283. Is t(-4) prime?
True
Let f(i) = 534*i**2 + 2*i + 1. Let y be 2 + -6*(1 - -1)/4. Is f(y) a prime number?
False
Suppose -4*c - 690 = -14. Let u(n) = 20*n**2 - 3*n + 6. Let f be u(4). Let m = f + c. Is m composite?
True
Suppose 0 = k + 4*k - 21005. Is k prime?
True
Suppose 52*v + 5425520 = 132*v. Is v a prime number?
True
Let n = 12 + -8. Let c = 9 - n. Suppose -3*b - 2*m + 690 = 2*m, -c*m = 5*b - 1145. Is b a prime number?
False
Suppose -2*n - 118 = -4*t, 0 = t - 0*t - 3*n - 27. Is t/5 + -2 - -537 prime?
True
Let i(z) = -9*z**3 + z**2 - z - 3. Let d be i(3). Let m be 2*7/(-28)*(-1 + 923). Let f = d - m. Is f prime?
False
Let q = 20500 + -10755. Is q prime?
False
Let x(v) = -5*v**2 + v. Let q be x(1). Let c = q - -10. Suppose -3*k + 618 = 3*n - c*k, 3*k = 5*n - 1036. Is n a prime number?
False
Suppose 16 = 4*k, 0*l - 3*k + 17277 = 3*l. Is l composite?
True
Let g(h) = -162*h - 10. Suppose 5*x = x - 16. Let w be g(x). Let l = -399 + w. Is l a prime number?
True
Let a(l) = 166*l**2 + 99*l - 24. Is a(23) a prime number?
True
Let d = 15 - 11. Suppose 675 = 5*u + 2*g + 3*g, 4*u - d*g = 508. Is u a composite number?
False
Suppose 0 = -65*y + 69*y - 24. Suppose 0 = -4*b + y*b - 74. Is b composite?
False
Let s = -475 - -684. Let z = 306 - s. Is z a prime number?
True
Let o(d) = -d**3 - 2*d**2 + 9*d + 7. Let l = 42 + -48. Is o(l) a prime number?
True
Is (-10)/(-4) + (2 - (-3154184)/16) a prime number?
False
Suppose -31*s - 140 = -35*s. Is s prime?
False
Is 14/(-28) + (-4367)/(-2) composite?
True
Suppose q - 70045 = 2*t, 350247 = -0*q + 5*q + t. Is q composite?
True
Suppose -22*j + 12 = -19*j. Let v be (-15)/(-4) - (-2)/8. Is (42/v)/(2/j) composite?
True
Let f(u) = 20*u**2 - 29*u - 14. Is f(-17) a prime number?
False
Suppose 4*a + 1 + 4 = -5*q, a - 2*q - 15 = 0. Suppose a*u + 3782 = -148. Is 3/2*u/(-9) a composite number?
False
Suppose 0*v + 5*v = 90910. Is v a prime number?
False
Suppose 0*b - 2*r + 855 = -5*b, -4*r = -3*b - 527. Suppose 6*h = 4*h - 3*q + 591, 1162 = 4*h + 2*q. Let p = h + b. Is p a composite number?
True
Let t(w) = 16*w**2 - 5*w + 86. Is t(-15) a prime number?
True
Let p be (-1)/(((-8)/411)/8). Let d = p - 277. Is d composite?
True
Suppose -46 = -2*q + 4*q. Let s = q - -691. Suppose -4*c = -s + 160. Is c prime?
True
Suppose 0 = 2*n - 2*o - 678, -n + 4*o + 324 = -0*n. Suppose n = 2*a + 2*h, -4*a + h + 449 = -264. Is a a composite number?
True
Suppose -5*z + 3*z + 2*a + 6 = 0, 4 = 4*z + 4*a. Suppose -5*m + 5010 = 5*l, -4*m + l = z*l - 3993. Is m a composite number?
False
Suppose 0 = -12*k + 66*k - 383886. Is k composite?
False
Let y(p) be the second derivative of -p**5/20 - p**4/6 + p**3 - 5*p**2/2 - 11*p. Let f be y(-4). Suppose -s = -f*s + 962. Is s a composite number?
True
Suppose 2*g - 12 = -5*n, 5*n + g + 0 - 11 = 0. Suppose 2*p = p + 2*q + 8, -22 = -n*p + q. Suppose -7*d = -p*d + 1535. Is d composite?
False
Let r = -19 - -27. Let c be (4/r)/((-3)/(-30)). Suppose 8*o - 250 = 3*o - 5*n, 0 = c*o - 5*n - 280. Is o prime?
True
Let p(r) = 47*r**2 - 4. Suppose 3*j - 27 = -36. Is p(j) a prime number?
True
Suppose 0*k - 12 = -4*k - 3*d, -d = k - 3. Suppose -2*f + 19 = 2*t - 395, -k*f + 1027 = 5*t. Is t prime?
False
Let z = 6915 + 299. Is z a composite number?
True
Let h be (-20)/70 - (-1090)/(-7). Let b be (57/2)/((-6)/h). Suppose 5*n = 214 + b. Is n a composite number?
False
Let p(g) = 21*g**2 - 16*g + 74. Is p(21) a composite number?
False
Let m(q) = 3*q**2 + q - 2. Let a be m(-2). Let t = -2 + a. Is t a composite number?
True
Let w(u) = 149*u - 10. Let s(k) = -152*k + 11. Let m(q) = 5*s(q) + 6*w(q). Suppose 3*a - 18 = -t, -24 = -0*t - 3*t - 3*a. Is m(t) composite?
False
Suppose 3*w + 19 = -11. Let a be 3/(-15) - 2/w. Suppose 5*p - 811 = 6*k - 4*k, a = -k + 2. Is p composite?
False
Let l(g) = 1041*g + 56. Is l(5) a composite number?
False
Let k be ((-12)/18)/((-4)/6). Is -2 - 2205/(k - 4) composite?
False
Let x(p) = -p + 9. Let u be x(9). Suppose u = 3*j - 313 + 1525. Let t = -195 - j. Is t a prime number?
False
Let w = 14 - 10. Let o be (-1 + -77)*(-2)/w. Suppose 5*h - 27 = -k + o, k - 2*h = 73. Is k a composite number?
False
Suppose 0 = 8*y - 2*y. Suppose y = -0*n + 3*n - 759. Is n prime?
False
Let k = 20 + -14. Suppose -4*l + 4 = -4*j, j + 5*l - 11 = k. Suppose 210 = 3*g + u, -5*g - 4*u + 349 = -j*u. Is g composite?
False
Suppose 11*r = 12*r - 4. Let d(j) = 87*j - 3. Let h be d(r). Suppose -1285 = -4*m - h. Is m a composite number?
True
Let h be 91/14 + (-1)/2. Suppose h = 2*x - 0*x. Is -9*74*x/(-18) prime?
False
Let j = 45 + -43. Is (-74)/(-4) + 1/j composite?
False
Let o(r) = 9*r**2 - 65*r - 21. Is o(-30) prime?
False
Let t(r) = 3*r**2 - 7*r - 11. Let l be t(-6). Suppose 288 = -4*w + 4*g, -w + 7*g - 64 = 2*g. Let d = l + w. Is d a prime number?
False
Let n be 5/25 + (-319)/(-5). Suppose -2*o = 142 + n. Let g = 474 + o. Is g composite?
True
Is (19 + -22)/(2/(-4562)) prime?
False
Suppose 0*q + 5*q + 260 = -j, 0 = -j - 3*q - 254. Let k = 468 + j. Is k composite?
False
Let f be 23/2*(-2 - -6). Let o be -4 + f*(-98)/4. Let k = o - -1982. Is k a composite number?
True
Suppose 0 = u + 10*u - 55. Suppose -307 = -4*g 